 + j*u**2. Calculate x(6).
-1
Let i(n) = -1 - 4*n + 2 + 11*n**3 + 5*n. Let o be ((-33)/66)/((-1)/4) - 3. Give i(o).
-11
Let a(f) = -2*f**2 - 4*f - 1. Let t be (5/(70/12))/(156/(-728)). Determine a(t).
-17
Let q(x) = x**3 + 9*x**2 + x - 5. Let b be (-1 - (2 - -6))/1. Calculate q(b).
-14
Let o(v) = -v**3 - 16*v**2 + 15*v - 45. Let d be o(-17). Let k(r) = -r - 18. What is k(d)?
-7
Let v(p) = 11*p - 2 + 4 + p**3 + 16*p - 7*p**2 - 22*p + 0*p**3. Give v(7).
37
Let h = 439/28 - 108/7. Let t(s) be the third derivative of -h*s**4 + 0*s + 6*s**2 - 1/6*s**3 + 0. Calculate t(-2).
11
Let b(v) = 3*v - 2. Let u be (-20)/50 - 24/(-10). Let h(a) = -2*a**2 + 5*a + 1. Let k be h(u). What is b(k)?
7
Let z = -274 - -294. Let b(m) = -2*m + 51. Calculate b(z).
11
Let f(p) = 38*p**2 + 2*p + 10. Let x(h) = -19*h**2 - h - 6. Let z(n) = -3*f(n) - 5*x(n). Calculate z(-1).
-18
Let p = -30 - -16. Let c be (p/(-2) - 1)/2. Let k(b) = -b - c*b + b - 5 - 1. Calculate k(-5).
9
Let g = -10 - -17. Let u(o) = -4*o**2 - g*o - o**3 - 2*o**2 - 2 + 0*o**3. Suppose -35 = 16*v + 45. Determine u(v).
8
Let q(u) = u + 14. Let j be q(-9). Suppose -b + 7 + j = 3*t, b + 2*t - 10 = 0. Let x(r) = r**3 - 7*r**2 + 5*r + 3. Calculate x(b).
-3
Let n be 8/44 - 62/(-22). Suppose 5*d = 3*a - 12, 2*d + 0*a + n*a = 12. Let r(m) = -m**2 + m. Let z(w) = 2*w**2 - w + 4. Let j(l) = r(l) + z(l). Calculate j(d).
4
Let k(b) = -6*b**2 + 29*b**2 - b**3 - 24*b**2 + 2. Give k(0).
2
Let z = 8 + -4. Let o(i) = -3*i + 5*i**2 - 2*i - 240*i**3 + 239*i**3 + 2*i - 2 + i. What is o(z)?
6
Let f be 20300/4200 - (2/(-5) - 28/(-120)). Let v(k) = -7*k**2 + k - 1. Let t(r) = -r**2 - r + 1. Let h(i) = 6*t(i) - v(i). What is h(f)?
-3
Let f(m) = 3*m - 11. Suppose -9*i + 45 = -0*i. Let r be f(i). Let y(c) = -2*c + 2. Determine y(r).
-6
Let l(z) = -6*z. Suppose 0*h = 2*h + 4, 5*a + 3*h - 14 = 0. Suppose 0 = 2*p + g + a, -4*g = 12 - 4. Determine l(p).
6
Let z = 20 + -20. Suppose z*c = -2*c - 8. Let r(p) = -p**3 - 3*p**2 + 5*p + 1. Calculate r(c).
-3
Let d be (-3)/1 + 45/5. Let z = 5 + -2. Let l(k) = -5*k**2 + 0 - 3*k**z - 7 - 56*k + 50*k + 4*k**3. What is l(d)?
-7
Let i(c) be the third derivative of c**4/24 + c**3/3 + 2*c**2 + 15*c. Suppose -5*s = -3*k - 22, 2 = 3*k + 4*s + 6. Let b = k - 1. What is i(b)?
-3
Let m(g) = 2*g + 19. Suppose -877 = -2*n - 889. What is m(n)?
7
Let m(x) = x**3 - 4*x**2 + x + 12. Let s(j) = -j**3 + 5*j**2 - 11. Let z(i) = 2*m(i) + 3*s(i). Suppose -4*t = 6*t - 70. What is z(t)?
5
Let b(s) = s**2 + 2*s + 6. Let k be b(-2). Let c(t) be the second derivative of 0 + 7/2*t**2 + 1/2*t**3 - k*t. What is c(-5)?
-8
Let f(t) = -t**3 - t**2 + 3*t - 8. Let l(d) = -d**3 - d**2 + 2*d - 7. Let m(c) = 4*f(c) - 5*l(c). Give m(-2).
-5
Let x(a) = -29*a - 24. Let l(r) = 83*r + 71. Let w(y) = 6*l(y) + 17*x(y). What is w(-4)?
-2
Let m(n) = n + 8. Let i(v) = -v - 4. Let h be i(4). Calculate m(h).
0
Let o be (-1)/4 + (-39)/(-156). Let a(v) be the first derivative of -3*v**2 + o*v + 5/3*v**3 - 5 + 1/4*v**4. What is a(-6)?
0
Let k(d) be the second derivative of -d**5/15 - 7*d**2 + 12*d. Let z(u) be the first derivative of k(u). Calculate z(1).
-4
Let a(b) = b**3 + 9*b**2 + 7*b + 1. Let n(y) = 13*y + 44. Let w be n(-4). What is a(w)?
9
Suppose 6*n = -2*p + n + 20, -2*p - 4 = -n. Let f(a) = a**2 + a - 7. Calculate f(p).
-7
Let a(t) = -6*t - 3 + t**2 + 3*t + 6. Let s(f) = -f**3 + 9*f**2 - 8*f + 5. Let g be s(8). What is a(g)?
13
Let x(y) = 2*y**2 - 5*y - 7. Let a = -116 - -121. Determine x(a).
18
Let z = 1 - -3. Suppose z*i - 10 = -2*f - 32, -3*i - 12 = 0. Let n(x) = x**3 + 3*x**2 - x + 3. What is n(f)?
6
Suppose -5*p = -3*p - 162. Let v(r) = 9*r - 42 + p - 39. Determine v(-2).
-18
Let q(h) = h**2 - h - 2. Suppose 0 = -5*c + 10 - 0. Suppose c*d = -6*d + 16. Give q(d).
0
Let f(p) = -p - 5. Let j be 0 - (-1 + 2 - 5). Suppose -j*v - 2*h - 68 = 0, 0 = -h + 2*h + 2. Let s = v - -10. What is f(s)?
1
Let c(y) be the third derivative of y**5/60 - 7*y**4/24 + y**2. Let m = 43 - 42. Let l be (-2 - -16)/(m + 1). Give c(l).
0
Let x(u) = 12*u - 20. Let d be x(7). Suppose 2*h - d = -80. Let m(n) = -n**3 - 8*n**2 - 4*n - 3. Calculate m(h).
29
Let o(v) = v**3 - 8 - 17*v**3 - 13*v + 15*v**2 + 0 + 15*v**3. Determine o(14).
6
Let u(q) = q**2 + 4*q - 3. Suppose 1 = 2*y - 7. Suppose -v = g + 7 + y, -3 = -2*g + 3*v. Calculate u(g).
9
Let q(w) = 2 - w + 1 - 1 - 9. Let h = 2 - -25. Let s = -32 + h. Determine q(s).
-2
Suppose 2 - 12 = 4*h + v, 0 = 3*h - v + 11. Let f(r) = -5*r - 10. Determine f(h).
5
Let s(i) = i**2 + 10*i + 8. Let m be s(-7). Let h = -9 - m. Let n(w) = -9 + h + 8 - 5*w. Give n(2).
-7
Let a = -72 - -72. Let o(n) = 7*n**2 - 8*n**2 + a*n**2. Calculate o(-2).
-4
Let w(x) = -x**3 + 3*x**2 + 6*x - 2. Suppose -3 = -7*u + 11. Suppose 3*c = -2*q + u, -4*q = q + 25. Give w(c).
6
Let o(l) = -l**3 + 4*l**2 + 7*l - 3. Let q = -13 + 39. Suppose q + 34 = 12*v. What is o(v)?
7
Let m be 1*6 + -6 + 3. Let f(t) = -t + 0*t + m - 3. Give f(0).
0
Let r(y) = 5*y + 3. Let w = -704 - -697. Give r(w).
-32
Let t(d) = -5*d**3 - 13*d**2 + d - 14. Let h(z) = 13*z**3 + 27*z**2 - 2*z + 28. Let a(k) = 2*h(k) + 5*t(k). What is a(11)?
-3
Let v(x) = -x**2 + 6*x. Let h be (-14)/3*(-15)/2. Suppose t + 0 - 1 = 0. Suppose 2*o + t + 0 = l, 5*o - h = -5*l. What is v(l)?
5
Let y be 1/(-3)*18/(-4)*2. Let d(x) = 7*x - x**2 - x + 2 - 5*x + y*x. Give d(5).
-3
Let u(a) = a - 2. Let n(s) = -2*s + 17. Let v(m) = n(m) + 3*u(m). Determine v(8).
19
Suppose -2*i + 1 = -x, -2*x = -4*i - 6*x + 20. Suppose 0 = -i*f - 2. Let b(m) = m**2 + 172*m**3 + 1 + 2*m + 169*m**3 - 338*m**3. Give b(f).
-3
Let l(p) = -67*p - 9. Let f(n) = 21*n + 3. Let z(g) = 7*f(g) + 2*l(g). Give z(-4).
-49
Let m(f) be the second derivative of -f**5/20 + f**4/3 + 11*f**3/6 + f**2/2 - 390*f. Give m(6).
-5
Let y = -125 - -131. Suppose -2*l + 20 = 2*l. Let n(j) = l*j - 1 - y*j - j**3 - 2. Give n(0).
-3
Let o(v) be the second derivative of v**3/6 - 5*v**2/2 + 22*v. What is o(-9)?
-14
Let v(g) = -4. Let r(a) = a - 3. Let p(s) = -3*r(s) + 2*v(s). Suppose -5*l = -4*z - 6 + 1, 0 = 4*z + 20. Determine p(l).
10
Let r(f) = 4*f + 9. Let b = -251 + 240. Calculate r(b).
-35
Let l(w) be the third derivative of -w**9/60480 + w**8/3360 + w**7/630 - w**6/720 - 3*w**5/5 - 30*w**2. Let o(h) be the third derivative of l(h). Give o(7).
6
Let q(h) = 2 - 8*h + 0 - 1890*h**2 + 1885*h**2 + h**3. Suppose -g - g + 12 = 0. What is q(g)?
-10
Suppose -3*a + 5 = 4*o + 33, 5*o = -2*a - 28. Let s(j) = j**2 + 2. What is s(o)?
18
Let s(p) be the first derivative of -1/3*p**3 + 0*p - 1/2*p**2 - 3. Calculate s(0).
0
Let v(n) = -3*n**2 + 3. Suppose 1 + 2 = z, -2*a - 4 = 2*z. Let x(t) = -t**2 + t. Let b(m) = a*x(m) + v(m). Let q be b(3). Let o(w) = -w + 2. What is o(q)?
-4
Let r(p) = -2*p. Let a be r(-3). Let f(z) = 3*z - 2*z - 6*z + 3 + 6*z. Determine f(a).
9
Let b = -14669 - -14670. Let l(t) = -20*t**3 + 14*t**2 + 20. Let i(r) = 7*r**3 - 5*r**2 - 7. Let m(z) = -17*i(z) - 6*l(z). Give m(b).
1
Let o(m) = 5*m**2 + 3*m. Let w(s) be the second derivative of -3*s**4/4 - 5*s**3/6 + s**2/2 + 10*s. Let c(r) = 7*o(r) + 4*w(r). Determine c(0).
4
Let r(y) be the second derivative of -17*y**5/10 - y**4/12 - 40*y - 2. Determine r(-1).
33
Suppose -y = 3*d - 4, -y = -5*y - 8. Suppose n - 6 = -d*r - 2*n, -r = 4*n - 3. Let z(q) = -r*q + 0 + 3*q + 1 - q. Determine z(1).
0
Let p(n) be the second derivative of -n**6/120 + 7*n**5/60 + n**4/24 + 5*n**3/6 - 13*n**2 - n - 2. Let m(s) be the first derivative of p(s). What is m(7)?
12
Let m(w) = -w + 1. Suppose 170 - 2 = 28*v. Calculate m(v).
-5
Let m(o) = 28 + 5*o - 29 - 39*o**2 + 36*o**2 - 2*o. Suppose 5*k - 18 = -4*n, 4*n - 3*n = 4*k - 6. Give m(n).
-7
Let j(z) be the first derivative of -7*z**2/2 - z - 122. Suppose v - 4*v = 3. Give j(v).
6
Let v(b) be the first derivative of b**3/3 + 3*b**2/2 - 2*b - 45. Let y = 4 - 2. Determine v(y).
8
Let s(k) = -k**2 + 2*k. Let j = 6 + -18. Let p be j/42 - 48/28. Give s(p).
-8
Let b(w) = 9*w**3 - 2*w + 1. Let n(a) = -21*a - 7. Let r be n(-2). Let s be 2/4 + r/14. Let d be (-4)/12*s*-1. Determine b(d).
8
Let f(x) be the first derivative of -1/2*x**4 - 1/3*x**3 + 8 - 1/2*x**2 - x. Let r(g) = g - 5. Let j be r(4). Give f(j).
1
Let a(t) be the third derivative of -t**6/6 - t**5/30 - t**4/8 - t**3/3 + 